t d = 28 - j. Suppose d = t - 11. What is the tens digit of t?
2
Suppose -28*n + 31*n + 3446 = 5*k, -5*n = -k + 698. What is the tens digit of k?
8
Suppose 5*c = 5*s - 1117 - 763, -s + 368 = c. What is the tens digit of s?
7
Let w(q) = q**3 + 2*q**2. Let m be w(-2). Let j be (1 + m)/(2/14). Suppose 80 = 3*f - 2*s, -2*s - 140 = -j*f + 2*f. What is the tens digit of f?
3
Let z(m) = 14*m**2 + 55. What is the hundreds digit of z(-8)?
9
Let r(a) be the third derivative of 0*a - 1/12*a**4 - 4*a**2 - 1/6*a**3 + 0. What is the tens digit of r(-8)?
1
Suppose -5*x + 52*z - 49*z = -12679, 0 = -5*x + z + 12683. What is the thousands digit of x?
2
Suppose -n + 17 = 12. Suppose -15 = 3*y, -2*y + 6 = n*g - 24. What is the units digit of g?
8
Suppose 18 = -s - s - 3*p, s - 3*p = -9. Let w(u) = -u**2 - 9*u + 5. Let q be w(s). Let l = 6 - q. What is the units digit of l?
1
Suppose -7*s = -11*s - 32. Let v be ((-21)/(-28))/((-2)/s). Suppose -v*i + 4*i = 2. What is the units digit of i?
2
Suppose 67*v - 34439 = -4892. What is the units digit of v?
1
Let c(i) = 2*i**2 - 21*i - 23. What is the units digit of c(12)?
3
Let g(w) = 455*w - 5. Let i be g(1). What is the units digit of 1/7 - i/(-35)?
3
What is the units digit of 462/(-63)*(-45)/6?
5
Let y be 3 - -3*(-4)/(-3). Suppose -2*k = -y - 3. Suppose 231 = 3*v - 2*a, 308 = k*v - v - 2*a. What is the units digit of v?
7
Let i(v) = 203*v**2 + 27*v + 117. What is the units digit of i(-5)?
7
Let w = -127 + 361. Let s = 354 - w. What is the units digit of s?
0
Let h(r) = -134*r**3 - r**2 + 11*r + 14. What is the units digit of h(-2)?
0
Let i(y) = -30*y - 395. What is the tens digit of i(-41)?
3
Let r = -5334 + 9694. What is the hundreds digit of r?
3
Let u = 15 - 14. Let x be -5 + (-1 - (-4)/u). What is the units digit of 1*(0 + (2 - x))?
4
Let j(i) = -21*i**2 - 3*i + 3. Let t(r) = r**2 - r + 1. Let s(v) = -j(v) + 2*t(v). What is the tens digit of s(1)?
2
Suppose -107*d = -97*d - 450. What is the tens digit of d?
4
Suppose -3*l - 1104 = -5*o + 112, 0 = 2*l - 6. Let k = -132 + o. What is the units digit of k?
3
What is the hundreds digit of 3940/12 - 3/9?
3
Suppose 5*b - 2*t - 1856 = 0, -t = 4*t - 10. What is the hundreds digit of b?
3
Suppose -y + 6 - 2 = 0. Suppose -3*a - 2*i + 120 = 0, -2*a - 200 = -7*a - y*i. What is the units digit of a?
0
Let h be (-13 - -14) + -1 + 12. Suppose -3*l = 4*t + 60, t + 3*t + h = 0. What is the tens digit of l/96 + 554/12?
4
Let s be -2 + 108 - (3 + -5). Suppose 4*j = 4*h - 30 - 2, 0 = -2*h - j + 1. Suppose 3*c + a - 81 = 0, -4*c - 2*a - h*a = -s. What is the units digit of c?
7
Let m be (-3)/(-3 + 0)*-6. Let h(i) = -i**3 - 4*i**2 + 9*i + 9. What is the tens digit of h(m)?
2
Suppose 0 = 2*k + 237 - 833. Suppose 2*w = 4*u + 298, 3*u - k = -2*w - u. What is the hundreds digit of w?
1
Suppose -4*g - 231 = -5*s, -3*g - 156 = -3*s + 18. Let f = g + 153. What is the units digit of f?
4
Let c(g) = 12*g + 2. Let v be c(3). Suppose v = y + 1. Suppose -68 = -7*d + y. What is the units digit of d?
5
Suppose 5 = -2*f + 3*h, -2*f + f = -4*h. Let n = 9 + f. Suppose 9*c - 164 = n*c. What is the units digit of c?
1
Let p = -10 - 7. Let g = -28 - p. Let x = g - -46. What is the units digit of x?
5
Let d be 0 - -1*(-1 + 18). Let l be ((-119)/14)/(39/(-18) + 2). Let i = d + l. What is the tens digit of i?
6
Suppose -2*c + 14 = 4*w, -3 = -3*w - 0. Suppose c*d + 0*d - 2 = 3*x, -2*d = 4*x - 6. What is the units digit of d/9 + (-364)/(-126)?
3
Let d(c) = -c**3 + c**2 + 87*c - 25. What is the units digit of d(-15)?
0
Suppose -s + 0*z = -5*z - 4, -29 = 4*s - 5*z. Let a = 36 - s. What is the units digit of a?
7
Suppose 0 = 31*w - 20*w - 4136. What is the units digit of w?
6
Suppose 4*x + 365 = h, 4*h + 95 = -x + 1640. What is the units digit of h?
5
Let t(j) = -j**2 + 9*j - 9. Let x be 2/(-5) + (-264)/(-10). Suppose -36 = -3*c + 3*q, -x = -3*c + q - 0*q. What is the units digit of t(c)?
5
Suppose 2*j + 0 = 10. Suppose -3*o = j*t - 358 - 172, -5*o + 424 = 4*t. Suppose 5*c + 4*m - t = 0, 4*c + 26 = -4*m + 110. What is the tens digit of c?
2
Let o = -6 - -16. Suppose -4*j + 35 = i, o = -i - j + 39. Suppose 3*y - 90 = -5*c + i, 4*y - 79 = -3*c. What is the units digit of c?
1
Let g(t) be the first derivative of -5*t**2 + 1. Let h = -56 - -53. What is the tens digit of g(h)?
3
Let u = -43 + -66. Let h = -18 - u. Let z = 139 - h. What is the tens digit of z?
4
Suppose -21*w = -16*w - 10. Suppose 2*q - d - 7 = 0, w = -3*q - 2*d + d. What is the units digit of q?
1
Let m = -422 + 950. What is the units digit of m?
8
Let l = 1515 + -884. What is the units digit of l?
1
Let s(y) = -y**3 + 4*y**2 + 5*y + 7. Let j be s(5). Let g(q) = q**3 - 6*q**2 + 3*q. What is the units digit of g(j)?
0
Suppose -9*w + 54 = -1440. What is the units digit of w?
6
Suppose y = -4*m + 1448, 7*m - 2*y = 10*m - 1091. What is the tens digit of m?
6
Let v(m) = -m**2 - 4*m + 10. Let g be v(-5). Suppose -g*c + 434 = -51. What is the units digit of c?
7
Suppose 0 = -5*n - 4*t + 6036, 2*t = 2*n - 1124 - 1294. Suppose -6*k + 406 = -n. What is the units digit of k?
9
What is the units digit of (17/4)/(8 + 1722/(-216))?
3
Suppose l - 6*l + 1342 = k, 4077 = 3*k - 2*l. What is the units digit of k?
7
Let o be 255/18 - 1/6. Suppose 0 = 7*x - o*x + 448. What is the tens digit of x?
6
Suppose j - 5*j + 2456 = 0. Let c = j - 357. What is the units digit of c?
7
Suppose 0 = -2*u + 4*u - 6. Suppose 200 = -u*o + 5*o. What is the units digit of (4/8 - 0)*o?
0
Suppose -3*g + a = 40, -3*g - a - 62 = -12. Let w = g - -15. Suppose -4*c + 0*c + 240 = w. What is the units digit of c?
0
Suppose 2*d = -d + 2136. Suppose -3*t + 20 + d = 0. What is the units digit of t?
4
Let k(a) = a**3 - 14*a**2 - 22*a + 18. Let y be k(18). Suppose 4*o - 3*p - 737 = -2*p, -2*p = 5*o - y. What is the units digit of o?
4
Let d = 37 + -35. Suppose -10*r + 800 = -d*r. What is the tens digit of r?
0
What is the hundreds digit of (-12)/(-28) + (-25944)/(-28)?
9
Suppose -15*u + 5199 = -13101. What is the hundreds digit of u?
2
Suppose 0 = 4*x - 2*x - 4, -3*x = -3*f. Suppose 3*c = f*y + 19, c + 3 = 4*y + 16. Suppose c*l - 169 = 4*j, -l + 14 + 14 = 5*j. What is the units digit of l?
3
Suppose b + 45 = 3*u, -2*u - u = 4*b + 135. Let d be (-188)/b + (-4)/18. Suppose d*l - 148 = -4*p, -3*l + 30 = -p - 52. What is the tens digit of l?
2
Let m = 20 - 26. What is the tens digit of m/(-9) - (-284)/6?
4
Suppose s + 2 = 0, -s - 22 = -2*x - 2*x. Suppose 18 - 153 = -x*w. Let g = 41 - w. What is the tens digit of g?
1
Let u(w) be the first derivative of w**6/360 + w**5/60 + w**4/12 - 10*w**3/3 + 6. Let m(l) be the third derivative of u(l). What is the units digit of m(-3)?
5
Suppose 54*t = 51*t - 219. Let m = 88 + t. What is the tens digit of m?
1
Let c = -212 + 299. Let z = 167 - c. What is the units digit of z?
0
Let c = 213 + 80. What is the units digit of c?
3
What is the tens digit of 4*-1 + 46 + 2358?
0
Let q(u) = 5*u - 5. Let x be q(2). Let t(c) = c**2 - 4*c - 2. What is the units digit of t(x)?
3
Let r(g) = -399*g**3 - 3*g**2 - 3*g - 1. What is the units digit of r(-1)?
8
Suppose -3*b = -5*z - 31, -5*b + 5*z = -0*b - 55. Let a = b + -1. What is the units digit of a?
1
Let p = -352 + 589. What is the tens digit of (-12)/(-6)*(p/6 - -2)?
8
Let n be (-3)/7 + 96/28. Suppose 2*m + i - 77 = -m, 0 = n*m - 3*i - 93. Let a = m + -12. What is the units digit of a?
5
Let y = -127 - -127. Suppose 2*d - 5*d + 240 = 3*b, y = 3*d + 2*b - 235. What is the tens digit of d?
7
Let i(n) = 3*n + 5*n**2 + 24 + n**3 - 12 - 9. What is the units digit of i(-4)?
7
Let i(x) = -16*x + 88. Let s(w) = -5*w + 29. Let g(u) = 4*i(u) - 11*s(u). What is the units digit of g(-14)?
9
Suppose -149306 - 48755 = -37*a. What is the thousands digit of a?
5
Let s(b) = 2*b**3 + 4*b**2 + 2*b - 13. Suppose -4*t + 3*g - g = -8, 0 = 3*t - 5*g + 1. What is the tens digit of s(t)?
8
Let m = 153 + -90. Suppose 4*w = 2*d - 0*d + 20, -44 = -4*w - 4*d. Suppose -4*q + m = w. What is the units digit of q?
4
Suppose 0 = -5*l + 5*g - 5, 2*l - 2*g - 4 = -3*l. Suppose -5*u - 3*m + 4*m = -11, 2*u = l*m + 6. What is the tens digit of u*1*26/4?
1
Let p(f) = 30*f**2 - 30*f - 289. What is the tens digit of p(-8)?
7
Let w = 2298 + -685. What is the hundreds dig